{"id":192,"date":"2018-09-26T17:29:43","date_gmt":"2018-09-26T17:29:43","guid":{"rendered":"https:\/\/renovation.progressionstudios.com\/?page_id=192"},"modified":"2026-03-23T18:28:25","modified_gmt":"2026-03-23T18:28:25","slug":"anasayfa","status":"publish","type":"page","link":"https:\/\/erciyesosgb.com.tr\/","title":{"rendered":"Anasayfa"},"content":{"rendered":"\t\t<div data-elementor-type=\"wp-page\" data-elementor-id=\"192\" class=\"elementor elementor-192\">\n\t\t\t\t\t\t<section class=\"elementor-section elementor-top-section elementor-element elementor-element-71f288ac elementor-section-stretched elementor-section-full_width elementor-section-height-default elementor-section-height-default\" data-id=\"71f288ac\" data-element_type=\"section\" data-e-type=\"section\" data-settings=\"{&quot;stretch_section&quot;:&quot;section-stretched&quot;}\">\n\t\t\t\t\t\t<div class=\"elementor-container elementor-column-gap-no\">\n\t\t\t\t\t<div class=\"elementor-column elementor-col-100 elementor-top-column elementor-element elementor-element-60513c52\" data-id=\"60513c52\" data-element_type=\"column\" data-e-type=\"column\">\n\t\t\t<div class=\"elementor-widget-wrap elementor-element-populated\">\n\t\t\t\t\t\t<div class=\"elementor-element elementor-element-352f1bcd elementor-widget elementor-widget-shortcode\" data-id=\"352f1bcd\" data-element_type=\"widget\" data-e-type=\"widget\" data-widget_type=\"shortcode.default\">\n\t\t\t\t\t\t\t<div class=\"elementor-shortcode\">\n\t\t\t\t<p class=\"rs-p-wp-fix\"><\/p>\n\t\t\t\t<sr7-module data-alias=\"renovation-slider\" data-id=\"1\" id=\"SR7_1_1\" class=\"rs-ov-hidden\" data-version=\"6.7.40\">\n\t\t\t\t\t<sr7-adjuster><\/sr7-adjuster>\n\t\t\t\t\t<sr7-content>\n\t\t\t\t\t\t<sr7-slide id=\"SR7_1_1-1\" data-key=\"1\">\n\t\t\t\t\t\t\t<sr7-bg id=\"SR7_1_1-1-4\" class=\"sr7-layer\"><noscript><img decoding=\"async\" src=\"https:\/\/erciyesosgb.com.tr\/wp-content\/uploads\/2026\/03\/Adsiz-tasarim-1.png\" alt=\"\" title=\"Ads\u0131z tasar\u0131m (1)\"><\/noscript><\/sr7-bg>\n\t\t\t\t\t\t\t<sr7-txt id=\"SR7_1_1-1-1\" class=\"sr7-layer\">ERC\u0130YES ORTAK SA\u011eLIK VE G\u00dcVENL\u0130K B\u0130R\u0130M\u0130<\/sr7-txt>\n\t\t\t\t\t\t\t<sr7-txt id=\"SR7_1_1-1-3\" class=\"sr7-layer\">Hakk\u0131m\u0131zda \u2192<\/sr7-txt>\n\t\t\t\t\t\t<\/sr7-slide>\n\t\t\t\t\t\t<sr7-slide id=\"SR7_1_1-2\" data-key=\"2\">\n\t\t\t\t\t\t\t<sr7-bg id=\"SR7_1_1-2-4\" class=\"sr7-layer\"><noscript><img decoding=\"async\" src=\"https:\/\/erciyesosgb.com.tr\/wp-content\/uploads\/2026\/03\/Adsiz-tasarim-2.png\" alt=\"\" title=\"Ads\u0131z tasar\u0131m (2)\"><\/noscript><\/sr7-bg>\n\t\t\t\t\t\t\t<sr7-txt id=\"SR7_1_1-2-1\" class=\"sr7-layer\">TEKL\u0130F ALMADAN KARAR VERME<\/sr7-txt>\n\t\t\t\t\t\t\t<sr7-txt id=\"SR7_1_1-2-3\" class=\"sr7-layer\">\u0130leti\u015fim \u2192<\/sr7-txt>\n\t\t\t\t\t\t<\/sr7-slide>\n\t\t\t\t\t\t<sr7-slide id=\"SR7_1_1-3\" data-key=\"3\">\n\t\t\t\t\t\t\t<sr7-bg id=\"SR7_1_1-3-4\" class=\"sr7-layer\"><noscript><img decoding=\"async\" src=\"https:\/\/erciyesosgb.com.tr\/wp-content\/uploads\/2026\/03\/Adsiz-tasarim-3.png\" alt=\"\" title=\"Ads\u0131z tasar\u0131m (3)\"><\/noscript><\/sr7-bg>\n\t\t\t\t\t\t\t<sr7-txt id=\"SR7_1_1-3-1\" class=\"sr7-layer\">REFERANSLARIMIZA G\u00d6Z ATIN<\/sr7-txt>\n\t\t\t\t\t\t\t<sr7-txt id=\"SR7_1_1-3-3\" class=\"sr7-layer\">Referanslar\u0131m\u0131z\u2192<\/sr7-txt>\n\t\t\t\t\t\t<\/sr7-slide>\n\t\t\t\t\t\t<sr7-slide id=\"SR7_1_1-4\" data-key=\"4\">\n\t\t\t\t\t\t<\/sr7-slide>\n\t\t\t\t\t<\/sr7-content>\n\t\t\t\t\t<image_lists style=\"display:none\">\n\t\t\t\t\t\t<img data-src=\"\/\/erciyesosgb.com.tr\/wp-content\/uploads\/2026\/03\/Adsiz-tasarim-1.png\" data-libid=\"365\" data-lib=\"medialibrary\" title=\"Ads\u0131z tasar\u0131m (1)\" width=\"0\" height=\"0\" data-dbsrc=\"Ly9lcmNpeWVzb3NnYi5jb20udHIvd3AtY29udGVudC91cGxvYWRzLzIwMjYvMDMvQWRzaXotdGFzYXJpbS0xLnBuZw==\"\/>\n\t\t\t\t\t\t<img data-src=\"\/\/erciyesosgb.com.tr\/wp-content\/uploads\/2026\/03\/Adsiz-tasarim-2.png\" data-libid=\"366\" data-lib=\"medialibrary\" title=\"Ads\u0131z tasar\u0131m (2)\" width=\"0\" height=\"0\" data-dbsrc=\"Ly9lcmNpeWVzb3NnYi5jb20udHIvd3AtY29udGVudC91cGxvYWRzLzIwMjYvMDMvQWRzaXotdGFzYXJpbS0yLnBuZw==\"\/>\n\t\t\t\t\t\t<img data-src=\"\/\/erciyesosgb.com.tr\/wp-content\/uploads\/2026\/03\/Adsiz-tasarim-3.png\" data-libid=\"367\" data-lib=\"medialibrary\" title=\"Ads\u0131z tasar\u0131m (3)\" width=\"0\" height=\"0\" data-dbsrc=\"Ly9lcmNpeWVzb3NnYi5jb20udHIvd3AtY29udGVudC91cGxvYWRzLzIwMjYvMDMvQWRzaXotdGFzYXJpbS0zLnBuZw==\"\/>\n\t\t\t\t\t<\/image_lists>\n\t\t\t\t<\/sr7-module>\n\t\t\t\t<script>\n\t\t\t\t\tSR7.PMH ??={}; SR7.PMH[\"SR7_1_1\"] = {cn:100,state:false,fn: function() { if (_tpt!==undefined && _tpt.prepareModuleHeight !== undefined) {  _tpt.prepareModuleHeight({id:\"SR7_1_1\",el:[750,750,768,960,720],type:'standard',shdw:'0',gh:[750,750,452,343,212],gw:[1700,1700,1024,778,480],vpt:['-100px'],size:{fullWidth:true, fullHeight:false},mh:'0',onh:0,onw:0,bg:{color:'{\"type\":\"solid\",\"orig\":\"#E9E9E9\",\"string\":\"rgba(233, 233, 233, 1)\"}'},plType:'2',plColor:'#FFFFFF'});   SR7.PMH[\"SR7_1_1\"].state=true;} else if(SR7.PMH[\"SR7_1_1\"].cn-->0)\tsetTimeout( SR7.PMH[\"SR7_1_1\"].fn,19);}};SR7.PMH[\"SR7_1_1\" ].fn();\n\t\t\t\t<\/script>\n<\/div>\n\t\t\t\t\t\t<\/div>\n\t\t\t\t\t<\/div>\n\t\t<\/div>\n\t\t\t\t\t<\/div>\n\t\t<\/section>\n\t\t\t\t<section class=\"elementor-section elementor-top-section elementor-element elementor-element-6964fe30 elementor-section-stretched elementor-section-boxed elementor-section-height-default elementor-section-height-default\" data-id=\"6964fe30\" data-element_type=\"section\" data-e-type=\"section\" data-settings=\"{&quot;stretch_section&quot;:&quot;section-stretched&quot;}\">\n\t\t\t\t\t\t<div class=\"elementor-container elementor-column-gap-default\">\n\t\t\t\t\t<div class=\"elementor-column elementor-col-100 elementor-top-column elementor-element elementor-element-72c73052\" data-id=\"72c73052\" data-element_type=\"column\" data-e-type=\"column\">\n\t\t\t<div class=\"elementor-widget-wrap elementor-element-populated\">\n\t\t\t\t\t\t<div class=\"elementor-element elementor-element-1984c8fe elementor-widget elementor-widget-heading\" data-id=\"1984c8fe\" data-element_type=\"widget\" data-e-type=\"widget\" data-widget_type=\"heading.default\">\n\t\t\t\t\t<h2 class=\"elementor-heading-title elementor-size-default\">Hizmetlerimiz<\/h2>\t\t\t\t<\/div>\n\t\t\t\t<div class=\"elementor-element elementor-element-4f154004 elementor-widget elementor-widget-heading\" data-id=\"4f154004\" data-element_type=\"widget\" data-e-type=\"widget\" data-widget_type=\"heading.default\">\n\t\t\t\t\t<h6 class=\"elementor-heading-title elementor-size-default\">y\u0131llar\u0131n tecr\u00fcbesi<\/h6>\t\t\t\t<\/div>\n\t\t\t\t<section class=\"elementor-section elementor-inner-section elementor-element elementor-element-7f59420c elementor-section-boxed elementor-section-height-default elementor-section-height-default\" data-id=\"7f59420c\" data-element_type=\"section\" data-e-type=\"section\">\n\t\t\t\t\t\t<div class=\"elementor-container elementor-column-gap-wide\">\n\t\t\t\t\t<div class=\"elementor-column elementor-col-33 elementor-inner-column elementor-element elementor-element-49920f4d\" data-id=\"49920f4d\" data-element_type=\"column\" data-e-type=\"column\">\n\t\t\t<div class=\"elementor-widget-wrap elementor-element-populated\">\n\t\t\t\t\t\t<div class=\"elementor-element elementor-element-cdb8b04 elementor-widget elementor-widget-image\" data-id=\"cdb8b04\" data-element_type=\"widget\" data-e-type=\"widget\" data-widget_type=\"image.default\">\n\t\t\t\t\t\t\t\t\t\t\t\t\t\t\t<img loading=\"lazy\" decoding=\"async\" width=\"300\" height=\"140\" src=\"https:\/\/erciyesosgb.com.tr\/wp-content\/uploads\/2026\/03\/2.png\" class=\"attachment-full size-full wp-image-360\" alt=\"\" \/>\t\t\t\t\t\t\t\t\t\t\t\t\t\t\t<\/div>\n\t\t\t\t<div class=\"elementor-element elementor-element-3c4e5d2 elementor-widget elementor-widget-heading\" data-id=\"3c4e5d2\" data-element_type=\"widget\" data-e-type=\"widget\" data-widget_type=\"heading.default\">\n\t\t\t\t\t<h2 class=\"elementor-heading-title elementor-size-default\">i\u015f g\u00fcvenli\u011fi uzmanl\u0131\u011f\u0131<\/h2>\t\t\t\t<\/div>\n\t\t\t\t<div class=\"elementor-element elementor-element-7fc93dbd elementor-widget elementor-widget-text-editor\" data-id=\"7fc93dbd\" data-element_type=\"widget\" data-e-type=\"widget\" data-widget_type=\"text-editor.default\">\n\t\t\t\t\t\t\t\t\t<p><span style=\"color: #000000; font-family: 'Open Sans', sans-serif; font-size: 14px;\">\u0130\u015f G\u00fcvenli\u011fi Uzmanl\u0131\u011f\u0131, i\u015f yerlerinde i\u015f sa\u011fl\u0131\u011f\u0131 ve g\u00fcvenli\u011finin sa\u011flanmas\u0131 i\u00e7in al\u0131nacak \u00f6nlemleri belirleyen, uygulayan ve denetleyen bir meslek dal\u0131d\u0131r.<\/span><\/p>\t\t\t\t\t\t\t\t<\/div>\n\t\t\t\t\t<\/div>\n\t\t<\/div>\n\t\t\t\t<div class=\"elementor-column elementor-col-33 elementor-inner-column elementor-element elementor-element-684fa87c\" data-id=\"684fa87c\" data-element_type=\"column\" data-e-type=\"column\">\n\t\t\t<div class=\"elementor-widget-wrap elementor-element-populated\">\n\t\t\t\t\t\t<div class=\"elementor-element elementor-element-72cc2f36 elementor-widget elementor-widget-image\" data-id=\"72cc2f36\" data-element_type=\"widget\" data-e-type=\"widget\" data-widget_type=\"image.default\">\n\t\t\t\t\t\t\t\t\t\t\t\t\t\t\t<img loading=\"lazy\" decoding=\"async\" width=\"300\" height=\"140\" src=\"https:\/\/erciyesosgb.com.tr\/wp-content\/uploads\/2026\/03\/3.png\" class=\"attachment-full size-full wp-image-358\" alt=\"\" \/>\t\t\t\t\t\t\t\t\t\t\t\t\t\t\t<\/div>\n\t\t\t\t<div class=\"elementor-element elementor-element-24bdf9af elementor-widget elementor-widget-heading\" data-id=\"24bdf9af\" data-element_type=\"widget\" data-e-type=\"widget\" data-widget_type=\"heading.default\">\n\t\t\t\t\t<h2 class=\"elementor-heading-title elementor-size-default\">i\u015f yeri hekimli\u011fi<\/h2>\t\t\t\t<\/div>\n\t\t\t\t<div class=\"elementor-element elementor-element-5a5f78b9 elementor-widget elementor-widget-text-editor\" data-id=\"5a5f78b9\" data-element_type=\"widget\" data-e-type=\"widget\" data-widget_type=\"text-editor.default\">\n\t\t\t\t\t\t\t\t\t<p><span style=\"color: #000000; font-family: 'Open Sans', sans-serif; font-size: 14px;\">\u0130\u015fyeri hekimli\u011fi, \u00e7al\u0131\u015fanlar\u0131n sa\u011fl\u0131klar\u0131n\u0131 korumak, meslek hastal\u0131klar\u0131n\u0131 \u00f6nlemek ve i\u015f kazalar\u0131n\u0131 minimize etmek amac\u0131yla i\u015fyerlerinde y\u00fcr\u00fct\u00fclen bir sa\u011fl\u0131k hizmeti alan\u0131d\u0131r.<\/span><\/p>\t\t\t\t\t\t\t\t<\/div>\n\t\t\t\t\t<\/div>\n\t\t<\/div>\n\t\t\t\t<div class=\"elementor-column elementor-col-33 elementor-inner-column elementor-element elementor-element-a4815f1\" data-id=\"a4815f1\" data-element_type=\"column\" data-e-type=\"column\">\n\t\t\t<div class=\"elementor-widget-wrap elementor-element-populated\">\n\t\t\t\t\t\t<div class=\"elementor-element elementor-element-75c2095f elementor-widget elementor-widget-image\" data-id=\"75c2095f\" data-element_type=\"widget\" data-e-type=\"widget\" data-widget_type=\"image.default\">\n\t\t\t\t\t\t\t\t\t\t\t\t\t\t\t<img loading=\"lazy\" decoding=\"async\" width=\"300\" height=\"140\" src=\"https:\/\/erciyesosgb.com.tr\/wp-content\/uploads\/2026\/03\/1.png\" class=\"attachment-full size-full wp-image-359\" alt=\"\" \/>\t\t\t\t\t\t\t\t\t\t\t\t\t\t\t<\/div>\n\t\t\t\t<div class=\"elementor-element elementor-element-4e3b1254 elementor-widget elementor-widget-heading\" data-id=\"4e3b1254\" data-element_type=\"widget\" data-e-type=\"widget\" data-widget_type=\"heading.default\">\n\t\t\t\t\t<h2 class=\"elementor-heading-title elementor-size-default\">di\u011fer sa\u011fl\u0131k personeli<\/h2>\t\t\t\t<\/div>\n\t\t\t\t<div class=\"elementor-element elementor-element-bff8f7c elementor-widget elementor-widget-text-editor\" data-id=\"bff8f7c\" data-element_type=\"widget\" data-e-type=\"widget\" data-widget_type=\"text-editor.default\">\n\t\t\t\t\t\t\t\t\t<p><span style=\"color: #000000; font-family: 'Open Sans', sans-serif; font-size: 14px;\">Sa\u011fl\u0131k hizmetleri, hastalar\u0131n sa\u011fl\u0131k durumlar\u0131n\u0131 iyile\u015ftirmek ve korumak amac\u0131yla farkl\u0131 uzmanl\u0131k alanlar\u0131ndan olu\u015fan bir ekip i\u015fbirli\u011fi gerektirir.<\/span><\/p>\t\t\t\t\t\t\t\t<\/div>\n\t\t\t\t\t<\/div>\n\t\t<\/div>\n\t\t\t\t\t<\/div>\n\t\t<\/section>\n\t\t\t\t\t<\/div>\n\t\t<\/div>\n\t\t\t\t\t<\/div>\n\t\t<\/section>\n\t\t\t\t<section class=\"elementor-section elementor-top-section elementor-element elementor-element-40c57047 elementor-section-stretched elementor-section-boxed elementor-section-height-default elementor-section-height-default\" data-id=\"40c57047\" data-element_type=\"section\" data-e-type=\"section\" data-settings=\"{&quot;stretch_section&quot;:&quot;section-stretched&quot;,&quot;background_background&quot;:&quot;classic&quot;}\">\n\t\t\t\t\t\t<div class=\"elementor-container elementor-column-gap-default\">\n\t\t\t\t\t<div class=\"elementor-column elementor-col-100 elementor-top-column elementor-element elementor-element-41e64338\" data-id=\"41e64338\" data-element_type=\"column\" data-e-type=\"column\">\n\t\t\t<div class=\"elementor-widget-wrap elementor-element-populated\">\n\t\t\t\t\t\t<div class=\"elementor-element elementor-element-324d4eb3 elementor-widget elementor-widget-heading\" data-id=\"324d4eb3\" data-element_type=\"widget\" data-e-type=\"widget\" data-widget_type=\"heading.default\">\n\t\t\t\t\t<h2 class=\"elementor-heading-title elementor-size-default\">erciyes ortak sa\u011fl\u0131k ve g\u00fcvenlik birimi<\/h2>\t\t\t\t<\/div>\n\t\t\t\t<div class=\"elementor-element elementor-element-3b47c454 elementor-widget elementor-widget-heading\" data-id=\"3b47c454\" data-element_type=\"widget\" data-e-type=\"widget\" data-widget_type=\"heading.default\">\n\t\t\t\t\t<h6 class=\"elementor-heading-title elementor-size-default\">osgb yetki belgemiz<\/h6>\t\t\t\t<\/div>\n\t\t\t\t<div class=\"elementor-element elementor-element-9a7cbea elementor-widget elementor-widget-image\" data-id=\"9a7cbea\" data-element_type=\"widget\" data-e-type=\"widget\" data-widget_type=\"image.default\">\n\t\t\t\t\t\t\t\t\t\t\t\t\t\t\t<img loading=\"lazy\" decoding=\"async\" width=\"768\" height=\"516\" src=\"https:\/\/erciyesosgb.com.tr\/wp-content\/uploads\/2026\/03\/yetki_belgesi_202603232105465950_page-0001-768x516.jpg\" class=\"attachment-medium_large size-medium_large wp-image-382\" alt=\"\" srcset=\"https:\/\/erciyesosgb.com.tr\/wp-content\/uploads\/2026\/03\/yetki_belgesi_202603232105465950_page-0001-768x516.jpg 768w, https:\/\/erciyesosgb.com.tr\/wp-content\/uploads\/2026\/03\/yetki_belgesi_202603232105465950_page-0001-300x201.jpg 300w, https:\/\/erciyesosgb.com.tr\/wp-content\/uploads\/2026\/03\/yetki_belgesi_202603232105465950_page-0001-1024x687.jpg 1024w, https:\/\/erciyesosgb.com.tr\/wp-content\/uploads\/2026\/03\/yetki_belgesi_202603232105465950_page-0001-1536x1031.jpg 1536w, https:\/\/erciyesosgb.com.tr\/wp-content\/uploads\/2026\/03\/yetki_belgesi_202603232105465950_page-0001.jpg 1755w\" sizes=\"(max-width: 768px) 100vw, 768px\" \/>\t\t\t\t\t\t\t\t\t\t\t\t\t\t\t<\/div>\n\t\t\t\t<div class=\"elementor-element elementor-element-672a9ddc elementor-align-center elementor-button-info elementor-widget elementor-widget-button\" data-id=\"672a9ddc\" data-element_type=\"widget\" data-e-type=\"widget\" data-widget_type=\"button.default\">\n\t\t\t\t\t\t\t\t\t\t<a class=\"elementor-button elementor-button-link elementor-size-sm\" href=\"\/hakkimizda\">\n\t\t\t\t\t\t<span class=\"elementor-button-content-wrapper\">\n\t\t\t\t\t\t<span class=\"elementor-button-icon\">\n\t\t\t\t<svg aria-hidden=\"true\" class=\"e-font-icon-svg e-fas-info-circle\" viewBox=\"0 0 512 512\" xmlns=\"http:\/\/www.w3.org\/2000\/svg\"><path d=\"M256 8C119.043 8 8 119.083 8 256c0 136.997 111.043 248 248 248s248-111.003 248-248C504 119.083 392.957 8 256 8zm0 110c23.196 0 42 18.804 42 42s-18.804 42-42 42-42-18.804-42-42 18.804-42 42-42zm56 254c0 6.627-5.373 12-12 12h-88c-6.627 0-12-5.373-12-12v-24c0-6.627 5.373-12 12-12h12v-64h-12c-6.627 0-12-5.373-12-12v-24c0-6.627 5.373-12 12-12h64c6.627 0 12 5.373 12 12v100h12c6.627 0 12 5.373 12 12v24z\"><\/path><\/svg>\t\t\t<\/span>\n\t\t\t\t\t\t\t\t\t<span class=\"elementor-button-text\">Hakk\u0131m\u0131zda<\/span>\n\t\t\t\t\t<\/span>\n\t\t\t\t\t<\/a>\n\t\t\t\t\t\t\t\t<\/div>\n\t\t\t\t\t<\/div>\n\t\t<\/div>\n\t\t\t\t\t<\/div>\n\t\t<\/section>\n\t\t\t\t<section class=\"elementor-section elementor-top-section elementor-element elementor-element-5ca9780c elementor-section-stretched elementor-section-boxed elementor-section-height-default elementor-section-height-default\" data-id=\"5ca9780c\" data-element_type=\"section\" data-e-type=\"section\" data-settings=\"{&quot;stretch_section&quot;:&quot;section-stretched&quot;,&quot;background_background&quot;:&quot;classic&quot;}\">\n\t\t\t\t\t\t<div class=\"elementor-container elementor-column-gap-default\">\n\t\t\t\t\t<div class=\"elementor-column elementor-col-100 elementor-top-column elementor-element elementor-element-680ad0d0\" data-id=\"680ad0d0\" data-element_type=\"column\" data-e-type=\"column\">\n\t\t\t<div class=\"elementor-widget-wrap elementor-element-populated\">\n\t\t\t\t\t\t<div class=\"elementor-element elementor-element-277a5c3f elementor-widget elementor-widget-heading\" data-id=\"277a5c3f\" data-element_type=\"widget\" data-e-type=\"widget\" data-widget_type=\"heading.default\">\n\t\t\t\t\t<h2 class=\"elementor-heading-title elementor-size-default\">m\u00fc\u015fterilerimizden yorumlar<\/h2>\t\t\t\t<\/div>\n\t\t\t\t<div class=\"elementor-element elementor-element-65100945 elementor-widget elementor-widget-heading\" data-id=\"65100945\" data-element_type=\"widget\" data-e-type=\"widget\" data-widget_type=\"heading.default\">\n\t\t\t\t\t<h6 class=\"elementor-heading-title elementor-size-default\">referanslar\u0131m\u0131z<\/h6>\t\t\t\t<\/div>\n\t\t\t\t\t<\/div>\n\t\t<\/div>\n\t\t\t\t\t<\/div>\n\t\t<\/section>\n\t\t\t\t<section class=\"elementor-section elementor-top-section elementor-element elementor-element-2fa2a17 elementor-section-stretched elementor-section-boxed elementor-section-height-default elementor-section-height-default\" data-id=\"2fa2a17\" data-element_type=\"section\" data-e-type=\"section\" data-settings=\"{&quot;stretch_section&quot;:&quot;section-stretched&quot;,&quot;background_background&quot;:&quot;classic&quot;}\">\n\t\t\t\t\t\t<div class=\"elementor-container elementor-column-gap-extended\">\n\t\t\t\t\t<div class=\"elementor-column elementor-col-50 elementor-top-column elementor-element elementor-element-143fc359\" data-id=\"143fc359\" data-element_type=\"column\" data-e-type=\"column\">\n\t\t\t<div class=\"elementor-widget-wrap elementor-element-populated\">\n\t\t\t\t\t\t<section class=\"elementor-section elementor-inner-section elementor-element elementor-element-79f326dd elementor-section-boxed elementor-section-height-default elementor-section-height-default\" data-id=\"79f326dd\" data-element_type=\"section\" data-e-type=\"section\" data-settings=\"{&quot;background_background&quot;:&quot;classic&quot;}\">\n\t\t\t\t\t\t<div class=\"elementor-container elementor-column-gap-default\">\n\t\t\t\t\t<div class=\"elementor-column elementor-col-100 elementor-inner-column elementor-element elementor-element-66d8e480\" data-id=\"66d8e480\" data-element_type=\"column\" data-e-type=\"column\">\n\t\t\t<div class=\"elementor-widget-wrap elementor-element-populated\">\n\t\t\t\t\t\t<div class=\"elementor-element elementor-element-45614597 elementor-widget elementor-widget-image\" data-id=\"45614597\" data-element_type=\"widget\" data-e-type=\"widget\" data-widget_type=\"image.default\">\n\t\t\t\t\t\t\t\t\t\t\t\t\t\t\t<img loading=\"lazy\" decoding=\"async\" width=\"150\" height=\"150\" src=\"https:\/\/erciyesosgb.com.tr\/wp-content\/uploads\/2026\/03\/Adsiz-tasarim-7.png\" class=\"attachment-full size-full wp-image-393\" alt=\"\" \/>\t\t\t\t\t\t\t\t\t\t\t\t\t\t\t<\/div>\n\t\t\t\t<div class=\"elementor-element elementor-element-59fd597c elementor-widget elementor-widget-heading\" data-id=\"59fd597c\" data-element_type=\"widget\" data-e-type=\"widget\" data-widget_type=\"heading.default\">\n\t\t\t\t\t<h2 class=\"elementor-heading-title elementor-size-default\">Osman YILMAZ<\/h2>\t\t\t\t<\/div>\n\t\t\t\t<div class=\"elementor-element elementor-element-762e410b elementor-widget elementor-widget-heading\" data-id=\"762e410b\" data-element_type=\"widget\" data-e-type=\"widget\" data-widget_type=\"heading.default\">\n\t\t\t\t\t<h5 class=\"elementor-heading-title elementor-size-default\">\u0130skodra Yap\u0131 \/ Y\u00f6netim Kurulu Ba\u015fkan\u0131<\/h5>\t\t\t\t<\/div>\n\t\t\t\t<div class=\"elementor-element elementor-element-1476859c elementor-widget elementor-widget-text-editor\" data-id=\"1476859c\" data-element_type=\"widget\" data-e-type=\"widget\" data-widget_type=\"text-editor.default\">\n\t\t\t\t\t\t\t\t\t<p>\u015eantiye s\u00fcre\u00e7lerimizin karma\u015f\u0131kl\u0131\u011f\u0131 ve y\u00fcksek riskli \u00e7al\u0131\u015fma ortam\u0131m\u0131z nedeniyle \u0130SG konusunda s\u0131f\u0131r tolerans prensibiyle hareket ediyoruz. \u0130\u015f birli\u011fi yapt\u0131\u011f\u0131m\u0131z ekibin mevzuata hakimiyeti ve saha denetimlerindeki titizli\u011fi, projelerimizdeki g\u00fcvenlik standartlar\u0131n\u0131 en \u00fcst seviyeye ta\u015f\u0131d\u0131. Sadece bir hizmet sa\u011flay\u0131c\u0131 de\u011fil, i\u015f g\u00fcvenli\u011fi k\u00fclt\u00fcr\u00fcm\u00fcz\u00fc geli\u015ftiren stratejik bir \u00e7\u00f6z\u00fcm orta\u011f\u0131 olarak kendilerini t\u00fcm sekt\u00f6r payda\u015flar\u0131na tavsiye ederiz.<\/p>\t\t\t\t\t\t\t\t<\/div>\n\t\t\t\t\t<\/div>\n\t\t<\/div>\n\t\t\t\t\t<\/div>\n\t\t<\/section>\n\t\t\t\t\t<\/div>\n\t\t<\/div>\n\t\t\t\t<div class=\"elementor-column elementor-col-50 elementor-top-column elementor-element elementor-element-59057edb\" data-id=\"59057edb\" data-element_type=\"column\" data-e-type=\"column\">\n\t\t\t<div class=\"elementor-widget-wrap elementor-element-populated\">\n\t\t\t\t\t\t<section class=\"elementor-section elementor-inner-section elementor-element elementor-element-2ebfc668 elementor-section-boxed elementor-section-height-default elementor-section-height-default\" data-id=\"2ebfc668\" data-element_type=\"section\" data-e-type=\"section\" data-settings=\"{&quot;background_background&quot;:&quot;classic&quot;}\">\n\t\t\t\t\t\t<div class=\"elementor-container elementor-column-gap-default\">\n\t\t\t\t\t<div class=\"elementor-column elementor-col-100 elementor-inner-column elementor-element elementor-element-550efe90\" data-id=\"550efe90\" data-element_type=\"column\" data-e-type=\"column\">\n\t\t\t<div class=\"elementor-widget-wrap elementor-element-populated\">\n\t\t\t\t\t\t<div class=\"elementor-element elementor-element-306af3cd elementor-widget elementor-widget-image\" data-id=\"306af3cd\" data-element_type=\"widget\" data-e-type=\"widget\" data-widget_type=\"image.default\">\n\t\t\t\t\t\t\t\t\t\t\t\t\t\t\t<img loading=\"lazy\" decoding=\"async\" width=\"150\" height=\"150\" src=\"https:\/\/erciyesosgb.com.tr\/wp-content\/uploads\/2026\/03\/Adsiz-tasarim-8.png\" class=\"attachment-full size-full wp-image-394\" alt=\"\" \/>\t\t\t\t\t\t\t\t\t\t\t\t\t\t\t<\/div>\n\t\t\t\t<div class=\"elementor-element elementor-element-6cbf5614 elementor-widget elementor-widget-heading\" data-id=\"6cbf5614\" data-element_type=\"widget\" data-e-type=\"widget\" data-widget_type=\"heading.default\">\n\t\t\t\t\t<h2 class=\"elementor-heading-title elementor-size-default\">\u0130hsan Emre AYDIN<\/h2>\t\t\t\t<\/div>\n\t\t\t\t<div class=\"elementor-element elementor-element-38fdbd08 elementor-widget elementor-widget-heading\" data-id=\"38fdbd08\" data-element_type=\"widget\" data-e-type=\"widget\" data-widget_type=\"heading.default\">\n\t\t\t\t\t<h5 class=\"elementor-heading-title elementor-size-default\">Soulmate Coffee &amp; Bakery Kayseri \/ CEO<\/h5>\t\t\t\t<\/div>\n\t\t\t\t<div class=\"elementor-element elementor-element-aca6c86 elementor-widget elementor-widget-text-editor\" data-id=\"aca6c86\" data-element_type=\"widget\" data-e-type=\"widget\" data-widget_type=\"text-editor.default\">\n\t\t\t\t\t\t\t\t\t<p>Kahve sekt\u00f6r\u00fcnde faaliyet g\u00f6steren bir i\u015fletme olarak, misafirlerimize sundu\u011fumuz hizmet kalitesi kadar \u00e7al\u0131\u015fanlar\u0131m\u0131z\u0131n g\u00fcvenli\u011fi ve yasal uyumlulu\u011fumuz da bizim i\u00e7in kritik \u00f6neme sahip. Erciyes OSGB ile \u00e7al\u0131\u015fmaya ba\u015flad\u0131\u011f\u0131m\u0131zdan beri, \u0130SG s\u00fcre\u00e7lerimizi sadece bir zorunluluk de\u011fil, bir i\u015fletme k\u00fclt\u00fcr\u00fc olarak g\u00f6rmeye ba\u015flad\u0131k. Profesyonel yakla\u015f\u0131mlar\u0131 ve her sorumuzda yan\u0131m\u0131zda hissettirdikleri destekleri i\u00e7in Erciyes OSGB ekibine te\u015fekk\u00fcr ederiz.<\/p>\t\t\t\t\t\t\t\t<\/div>\n\t\t\t\t\t<\/div>\n\t\t<\/div>\n\t\t\t\t\t<\/div>\n\t\t<\/section>\n\t\t\t\t\t<\/div>\n\t\t<\/div>\n\t\t\t\t\t<\/div>\n\t\t<\/section>\n\t\t\t\t<\/div>\n\t\t","protected":false},"excerpt":{"rendered":"<p>Hizmetlerimiz y\u0131llar\u0131n tecr\u00fcbesi i\u015f g\u00fcvenli\u011fi uzmanl\u0131\u011f\u0131 \u0130\u015f G\u00fcvenli\u011fi Uzmanl\u0131\u011f\u0131, i\u015f yerlerinde i\u015f sa\u011fl\u0131\u011f\u0131 ve g\u00fcvenli\u011finin sa\u011flanmas\u0131 i\u00e7in al\u0131nacak \u00f6nlemleri belirleyen, uygulayan ve denetleyen bir meslek dal\u0131d\u0131r. i\u015f yeri hekimli\u011fi \u0130\u015fyeri hekimli\u011fi, \u00e7al\u0131\u015fanlar\u0131n sa\u011fl\u0131klar\u0131n\u0131 korumak, meslek hastal\u0131klar\u0131n\u0131 \u00f6nlemek ve i\u015f kazalar\u0131n\u0131 minimize etmek amac\u0131yla i\u015fyerlerinde y\u00fcr\u00fct\u00fclen bir sa\u011fl\u0131k hizmeti alan\u0131d\u0131r. di\u011fer sa\u011fl\u0131k personeli Sa\u011fl\u0131k hizmetleri, hastalar\u0131n [&hellip;]<\/p>\n","protected":false},"author":1,"featured_media":0,"parent":0,"menu_order":0,"comment_status":"closed","ping_status":"closed","template":"","meta":{"footnotes":""},"class_list":["post-192","page","type-page","status-publish","hentry"],"aioseo_notices":[],"_links":{"self":[{"href":"https:\/\/erciyesosgb.com.tr\/index.php\/wp-json\/wp\/v2\/pages\/192","targetHints":{"allow":["GET"]}}],"collection":[{"href":"https:\/\/erciyesosgb.com.tr\/index.php\/wp-json\/wp\/v2\/pages"}],"about":[{"href":"https:\/\/erciyesosgb.com.tr\/index.php\/wp-json\/wp\/v2\/types\/page"}],"author":[{"embeddable":true,"href":"https:\/\/erciyesosgb.com.tr\/index.php\/wp-json\/wp\/v2\/users\/1"}],"replies":[{"embeddable":true,"href":"https:\/\/erciyesosgb.com.tr\/index.php\/wp-json\/wp\/v2\/comments?post=192"}],"version-history":[{"count":23,"href":"https:\/\/erciyesosgb.com.tr\/index.php\/wp-json\/wp\/v2\/pages\/192\/revisions"}],"predecessor-version":[{"id":397,"href":"https:\/\/erciyesosgb.com.tr\/index.php\/wp-json\/wp\/v2\/pages\/192\/revisions\/397"}],"wp:attachment":[{"href":"https:\/\/erciyesosgb.com.tr\/index.php\/wp-json\/wp\/v2\/media?parent=192"}],"curies":[{"name":"wp","href":"https:\/\/api.w.org\/{rel}","templated":true}]}}