{"id":202,"date":"2018-09-26T17:31:09","date_gmt":"2018-09-26T17:31:09","guid":{"rendered":"https:\/\/renovation.progressionstudios.com\/?page_id=202"},"modified":"2026-03-18T18:52:02","modified_gmt":"2026-03-18T18:52:02","slug":"iletisim","status":"publish","type":"page","link":"https:\/\/erciyesosgb.com.tr\/index.php\/iletisim\/","title":{"rendered":"\u0130leti\u015fim"},"content":{"rendered":"\t\t<div data-elementor-type=\"wp-page\" data-elementor-id=\"202\" class=\"elementor elementor-202\">\n\t\t\t\t<div class=\"elementor-element elementor-element-b694038 e-flex e-con-boxed e-con e-parent\" data-id=\"b694038\" data-element_type=\"container\" data-e-type=\"container\">\n\t\t\t\t\t<div class=\"e-con-inner\">\n\t\t\t\t<div class=\"elementor-element elementor-element-b3ba024 elementor-widget elementor-widget-google_maps\" data-id=\"b3ba024\" data-element_type=\"widget\" data-e-type=\"widget\" data-widget_type=\"google_maps.default\">\n\t\t\t\t\t\t\t<div class=\"elementor-custom-embed\">\n\t\t\t<iframe loading=\"lazy\"\n\t\t\t\t\tsrc=\"https:\/\/maps.google.com\/maps?q=Kartal%20%C4%B0%C5%9F%20Merkezi%20Kat%3A3%20Tacettin%20Veli%20Mahallesi%20Lalezade%20Caddesi%2C%20Kartal%20Blv.%20No%3A8%2F45%2C%2038050%20Melikgazi&#038;t=m&#038;z=17&#038;output=embed&#038;iwloc=near\"\n\t\t\t\t\ttitle=\"Kartal \u0130\u015f Merkezi Kat:3 Tacettin Veli Mahallesi Lalezade Caddesi, Kartal Blv. No:8\/45, 38050 Melikgazi\"\n\t\t\t\t\taria-label=\"Kartal \u0130\u015f Merkezi Kat:3 Tacettin Veli Mahallesi Lalezade Caddesi, Kartal Blv. No:8\/45, 38050 Melikgazi\"\n\t\t\t><\/iframe>\n\t\t<\/div>\n\t\t\t\t\t\t<\/div>\n\t\t\t\t\t<\/div>\n\t\t\t\t<\/div>\n\t\t\t\t<section class=\"elementor-section elementor-top-section elementor-element elementor-element-2a638e0 elementor-section-boxed elementor-section-height-default elementor-section-height-default\" data-id=\"2a638e0\" data-element_type=\"section\" data-e-type=\"section\">\n\t\t\t\t\t\t<div class=\"elementor-container elementor-column-gap-default\">\n\t\t\t\t\t<div class=\"elementor-column elementor-col-50 elementor-top-column elementor-element elementor-element-3f6f17d3\" data-id=\"3f6f17d3\" data-element_type=\"column\" data-e-type=\"column\">\n\t\t\t<div class=\"elementor-widget-wrap elementor-element-populated\">\n\t\t\t\t\t\t<div class=\"elementor-element elementor-element-1a893a94 elementor-widget elementor-widget-heading\" data-id=\"1a893a94\" data-element_type=\"widget\" data-e-type=\"widget\" data-widget_type=\"heading.default\">\n\t\t\t\t\t<h2 class=\"elementor-heading-title elementor-size-default\">Hire us today<\/h2>\t\t\t\t<\/div>\n\t\t\t\t<div class=\"elementor-element elementor-element-6799558a elementor-widget elementor-widget-heading\" data-id=\"6799558a\" data-element_type=\"widget\" data-e-type=\"widget\" data-widget_type=\"heading.default\">\n\t\t\t\t\t<h5 class=\"elementor-heading-title elementor-size-default\">No project is too small for Renovation<\/h5>\t\t\t\t<\/div>\n\t\t\t\t<div class=\"elementor-element elementor-element-13c00885 elementor-widget elementor-widget-boosted-elements-contact-form\" data-id=\"13c00885\" data-element_type=\"widget\" data-e-type=\"widget\" data-widget_type=\"boosted-elements-contact-form.default\">\n\t\t\t\t<div class=\"elementor-widget-container\">\n\t\t\t\t\t\t\n\t\n\t\t\t<div class=\"boosted-elements-progression-contact-form-container\">\t\t\n\t\t\t<p class=\"wpcf7-contact-form-not-found\"><strong>Hata:<\/strong> \u0130leti\u015fim formu bulunamad\u0131.<\/p>\t\t<\/div><!-- close .boosted-elements-progression-contact-form-container -->\n\t\t\n\t\t\t\t\t<\/div>\n\t\t\t\t<\/div>\n\t\t\t\t\t<\/div>\n\t\t<\/div>\n\t\t\t\t<div class=\"elementor-column elementor-col-50 elementor-top-column elementor-element elementor-element-c71a3d0\" data-id=\"c71a3d0\" data-element_type=\"column\" data-e-type=\"column\">\n\t\t\t<div class=\"elementor-widget-wrap elementor-element-populated\">\n\t\t\t\t\t\t<div class=\"elementor-element elementor-element-9d7bd47 elementor-widget elementor-widget-heading\" data-id=\"9d7bd47\" data-element_type=\"widget\" data-e-type=\"widget\" data-widget_type=\"heading.default\">\n\t\t\t\t\t<h2 class=\"elementor-heading-title elementor-size-default\">Bilgiye mi ihtiyac\u0131n var?<\/h2>\t\t\t\t<\/div>\n\t\t\t\t<div class=\"elementor-element elementor-element-5db20b09 elementor-widget elementor-widget-text-editor\" data-id=\"5db20b09\" data-element_type=\"widget\" data-e-type=\"widget\" data-widget_type=\"text-editor.default\">\n\t\t\t\t\t\t\t\t\t<p>Bize mail g\u00f6ndermek istersen bir t\u0131k uza\u011f\u0131nday\u0131z.<\/p><p>Mail Adresimiz: <a href=\"mailto:info@erciyesosgb.com.tr\">info@erciyesosgb.com.tr<\/a><\/p><p>\u00a0<\/p>\t\t\t\t\t\t\t\t<\/div>\n\t\t\t\t<div class=\"elementor-element elementor-element-5a1f8502 elementor-widget elementor-widget-heading\" data-id=\"5a1f8502\" data-element_type=\"widget\" data-e-type=\"widget\" data-widget_type=\"heading.default\">\n\t\t\t\t\t<h2 class=\"elementor-heading-title elementor-size-default\">24\/7 Customer Support<\/h2>\t\t\t\t<\/div>\n\t\t\t\t<div class=\"elementor-element elementor-element-2c562145 elementor-widget elementor-widget-text-editor\" data-id=\"2c562145\" data-element_type=\"widget\" data-e-type=\"widget\" data-widget_type=\"text-editor.default\">\n\t\t\t\t\t\t\t\t\t<p>I am text block. Click edit button to change this text. Lorem ipsum dolor sit amet, consectetur adipiscing\u00a0<a>contact@your-website.com<\/a>\u00a0elit. Ut elit tellus, luctus nec ullamcorper mattis, pulvinar dapibus leo.<\/p>\t\t\t\t\t\t\t\t<\/div>\n\t\t\t\t<div class=\"elementor-element elementor-element-11d8418b elementor-widget elementor-widget-heading\" data-id=\"11d8418b\" data-element_type=\"widget\" data-e-type=\"widget\" data-widget_type=\"heading.default\">\n\t\t\t\t\t<h5 class=\"elementor-heading-title elementor-size-default\">Available 24 hours a day<\/h5>\t\t\t\t<\/div>\n\t\t\t\t<div class=\"elementor-element elementor-element-2c3556f3 elementor-widget elementor-widget-heading\" data-id=\"2c3556f3\" data-element_type=\"widget\" data-e-type=\"widget\" data-widget_type=\"heading.default\">\n\t\t\t\t\t<h4 class=\"elementor-heading-title elementor-size-default\">800-123-4567<\/h4>\t\t\t\t<\/div>\n\t\t\t\t\t<\/div>\n\t\t<\/div>\n\t\t\t\t\t<\/div>\n\t\t<\/section>\n\t\t\t\t<\/div>\n\t\t","protected":false},"excerpt":{"rendered":"<p>Hire us today No project is too small for Renovation Hata: \u0130leti\u015fim formu bulunamad\u0131. Bilgiye mi ihtiyac\u0131n var? Bize mail g\u00f6ndermek istersen bir t\u0131k uza\u011f\u0131nday\u0131z. Mail Adresimiz: info@erciyesosgb.com.tr \u00a0 24\/7 Customer Support I am text block. Click edit button to change this text. Lorem ipsum dolor sit amet, consectetur adipiscing\u00a0contact@your-website.com\u00a0elit. Ut elit tellus, luctus nec [&hellip;]<\/p>\n","protected":false},"author":1,"featured_media":0,"parent":0,"menu_order":0,"comment_status":"closed","ping_status":"closed","template":"","meta":{"footnotes":""},"class_list":["post-202","page","type-page","status-publish","hentry"],"aioseo_notices":[],"_links":{"self":[{"href":"https:\/\/erciyesosgb.com.tr\/index.php\/wp-json\/wp\/v2\/pages\/202","targetHints":{"allow":["GET"]}}],"collection":[{"href":"https:\/\/erciyesosgb.com.tr\/index.php\/wp-json\/wp\/v2\/pages"}],"about":[{"href":"https:\/\/erciyesosgb.com.tr\/index.php\/wp-json\/wp\/v2\/types\/page"}],"author":[{"embeddable":true,"href":"https:\/\/erciyesosgb.com.tr\/index.php\/wp-json\/wp\/v2\/users\/1"}],"replies":[{"embeddable":true,"href":"https:\/\/erciyesosgb.com.tr\/index.php\/wp-json\/wp\/v2\/comments?post=202"}],"version-history":[{"count":7,"href":"https:\/\/erciyesosgb.com.tr\/index.php\/wp-json\/wp\/v2\/pages\/202\/revisions"}],"predecessor-version":[{"id":380,"href":"https:\/\/erciyesosgb.com.tr\/index.php\/wp-json\/wp\/v2\/pages\/202\/revisions\/380"}],"wp:attachment":[{"href":"https:\/\/erciyesosgb.com.tr\/index.php\/wp-json\/wp\/v2\/media?parent=202"}],"curies":[{"name":"wp","href":"https:\/\/api.w.org\/{rel}","templated":true}]}}